{"id":35,"date":"2022-08-20T16:21:48","date_gmt":"2022-08-20T14:21:48","guid":{"rendered":"http:\/\/bergler-schloessl.com\/?page_id=35"},"modified":"2024-10-06T20:55:56","modified_gmt":"2024-10-06T18:55:56","slug":"startseite","status":"publish","type":"page","link":"http:\/\/bergler-schloessl.com\/","title":{"rendered":"Willkommen"},"content":{"rendered":"\n<p class=\"has-text-align-center\">Liebe G\u00e4ste, <br>situationsbedingt, und wegen Umstrukturierungen, bleibt das Bergler Schl\u00f6ssl bis Ende des Jahres geschlossen. DANKE, an alle die ihre Zeit bei uns verbracht haben! Wie hoffen Sie im neuen Jahr begr\u00fc\u00dfen zu d\u00fcrfen. <br><em>Ver\u00e4nderungen sind mal geplant, oft aber pl\u00f6tzlich und unerwartet. Sie sind nie leicht, bietet aber wichtige Chancen. Ver\u00e4nderungen helfen dabei, den Wert des Wandels zu erkennen, Sie sind Inspiration, und vermitteln Wissen. <\/em><br><em>Eure Familie Riedl &#8211; Baumann &amp; Team<\/em><\/p>\n\n\n\n<p class=\"has-text-align-center\"><mark style=\"background-color:rgba(0, 0, 0, 0)\" class=\"has-inline-color has-luminous-vivid-amber-color\"><strong>MIETEN SIE DAS BERGLER SCHL\u00d6SSL F\u00dcR IHRE FEIER<\/strong><br>Sie k\u00f6nnen die R\u00e4umlichkeiten des Bergler Schl\u00f6ssl mieten. K\u00fcche und Bar steht Ihnen zur Verf\u00fcgung. Gerne empfehlen wir Ihnen einen Caterer. <\/mark><\/p>\n\n\n\n<p><mark style=\"background-color:rgba(0, 0, 0, 0)\" class=\"has-inline-color has-vivid-red-color\"><em><strong>NEWS: Das Bergler Schl\u00f6ssl bei STYLE UP YOUR LIFE! mit Adi Weiss<\/strong><\/em><\/mark><\/p>\n\n\n\n<div class=\"wp-container-1 is-content-justification-center wp-block-buttons\">\n<div class=\"wp-block-button\"><a class=\"wp-block-button__link\" href=\"https:\/\/vimeo.com\/user22086160\/review\/820873137\/f1b7a65246\" target=\"_blank\" rel=\"noreferrer noopener\"><strong><mark style=\"background-color:rgba(0, 0, 0, 0)\" class=\"has-inline-color has-vivid-red-color\">Hier geht es zum Bericht<\/mark><\/strong><\/a><\/div>\n<\/div>\n\n\n\n<p><mark style=\"background-color:rgba(0, 0, 0, 0)\" class=\"has-inline-color has-vivid-red-color\"><strong><br><\/strong><\/mark><\/p>\n","protected":false},"excerpt":{"rendered":"<p>Liebe G\u00e4ste, situationsbedingt, und wegen Umstrukturierungen, bleibt das Bergler Schl\u00f6ssl bis Ende des Jahres geschlossen. DANKE, an alle die ihre Zeit bei uns verbracht haben! Wie hoffen Sie im neuen Jahr begr\u00fc\u00dfen zu d\u00fcrfen. Ver\u00e4nderungen sind mal geplant, oft aber pl\u00f6tzlich und unerwartet. Sie sind nie leicht, bietet aber wichtige Chancen. Ver\u00e4nderungen helfen dabei, den &hellip; <\/p>\n<p class=\"link-more\"><a href=\"http:\/\/bergler-schloessl.com\/\" class=\"more-link\">Continue reading<span class=\"screen-reader-text\"> &#8222;Willkommen&#8220;<\/span><\/a><\/p>\n","protected":false},"author":1,"featured_media":82,"parent":0,"menu_order":0,"comment_status":"closed","ping_status":"closed","template":"","meta":[],"yoast_head":"<!-- This site is optimized with the Yoast SEO plugin v20.2.1 - https:\/\/yoast.com\/wordpress\/plugins\/seo\/ -->\n<title>Willkommen - Das Bergler Schl\u00f6ssl<\/title>\n<meta name=\"robots\" content=\"index, follow, max-snippet:-1, max-image-preview:large, max-video-preview:-1\" \/>\n<link rel=\"canonical\" href=\"https:\/\/bergler-schloessl.com\/\" \/>\n<meta property=\"og:locale\" content=\"de_DE\" \/>\n<meta property=\"og:type\" content=\"article\" \/>\n<meta property=\"og:title\" content=\"Willkommen - Das Bergler Schl\u00f6ssl\" \/>\n<meta property=\"og:description\" content=\"Liebe G\u00e4ste, situationsbedingt, und wegen Umstrukturierungen, bleibt das Bergler Schl\u00f6ssl bis Ende des Jahres geschlossen. DANKE, an alle die ihre Zeit bei uns verbracht haben! Wie hoffen Sie im neuen Jahr begr\u00fc\u00dfen zu d\u00fcrfen. Ver\u00e4nderungen sind mal geplant, oft aber pl\u00f6tzlich und unerwartet. Sie sind nie leicht, bietet aber wichtige Chancen. Ver\u00e4nderungen helfen dabei, den &hellip; Continue reading &quot;Willkommen&quot;\" \/>\n<meta property=\"og:url\" content=\"https:\/\/bergler-schloessl.com\/\" \/>\n<meta property=\"og:site_name\" content=\"Das Bergler Schl\u00f6ssl\" \/>\n<meta property=\"article:modified_time\" content=\"2024-10-06T18:55:56+00:00\" \/>\n<meta property=\"og:image\" content=\"https:\/\/bergler-schloessl.com\/wp-content\/uploads\/2022\/10\/DSC05603-scaled.jpg\" \/>\n\t<meta property=\"og:image:width\" content=\"2560\" \/>\n\t<meta property=\"og:image:height\" content=\"1708\" \/>\n\t<meta property=\"og:image:type\" content=\"image\/jpeg\" \/>\n<meta name=\"twitter:card\" content=\"summary_large_image\" \/>\n<meta name=\"twitter:label1\" content=\"Gesch\u00e4tzte Lesezeit\" \/>\n\t<meta name=\"twitter:data1\" content=\"1 Minute\" \/>\n<script type=\"application\/ld+json\" class=\"yoast-schema-graph\">{\"@context\":\"https:\/\/schema.org\",\"@graph\":[{\"@type\":\"WebPage\",\"@id\":\"https:\/\/bergler-schloessl.com\/\",\"url\":\"https:\/\/bergler-schloessl.com\/\",\"name\":\"Willkommen - Das Bergler Schl\u00f6ssl\",\"isPartOf\":{\"@id\":\"https:\/\/bergler-schloessl.com\/#website\"},\"datePublished\":\"2022-08-20T14:21:48+00:00\",\"dateModified\":\"2024-10-06T18:55:56+00:00\",\"breadcrumb\":{\"@id\":\"https:\/\/bergler-schloessl.com\/#breadcrumb\"},\"inLanguage\":\"de-AT\",\"potentialAction\":[{\"@type\":\"ReadAction\",\"target\":[\"https:\/\/bergler-schloessl.com\/\"]}]},{\"@type\":\"BreadcrumbList\",\"@id\":\"https:\/\/bergler-schloessl.com\/#breadcrumb\",\"itemListElement\":[{\"@type\":\"ListItem\",\"position\":1,\"name\":\"Startseite\",\"item\":\"https:\/\/bergler-schloessl.com\/\"},{\"@type\":\"ListItem\",\"position\":2,\"name\":\"Willkommen\"}]},{\"@type\":\"WebSite\",\"@id\":\"https:\/\/bergler-schloessl.com\/#website\",\"url\":\"https:\/\/bergler-schloessl.com\/\",\"name\":\"Das Bergler Schl\u00f6ssl\",\"description\":\"Kulinarik inmitten von Weinbergen und direkt neben der Aussichtswarte \",\"publisher\":{\"@id\":\"https:\/\/bergler-schloessl.com\/#organization\"},\"potentialAction\":[{\"@type\":\"SearchAction\",\"target\":{\"@type\":\"EntryPoint\",\"urlTemplate\":\"https:\/\/bergler-schloessl.com\/?s={search_term_string}\"},\"query-input\":\"required name=search_term_string\"}],\"inLanguage\":\"de-AT\"},{\"@type\":\"Organization\",\"@id\":\"https:\/\/bergler-schloessl.com\/#organization\",\"name\":\"Das Bergler Schl\u00f6ssl\",\"url\":\"https:\/\/bergler-schloessl.com\/\",\"logo\":{\"@type\":\"ImageObject\",\"inLanguage\":\"de-AT\",\"@id\":\"https:\/\/bergler-schloessl.com\/#\/schema\/logo\/image\/\",\"url\":\"http:\/\/bergler-schloessl.com\/wp-content\/uploads\/2022\/10\/cropped-Logo_BerglerSchloessl_schwarz.png\",\"contentUrl\":\"http:\/\/bergler-schloessl.com\/wp-content\/uploads\/2022\/10\/cropped-Logo_BerglerSchloessl_schwarz.png\",\"width\":286,\"height\":250,\"caption\":\"Das Bergler Schl\u00f6ssl\"},\"image\":{\"@id\":\"https:\/\/bergler-schloessl.com\/#\/schema\/logo\/image\/\"},\"sameAs\":[\"https:\/\/www.instagram.com\/bergler_schloessl\/\"]}]}<\/script>\n<!-- \/ Yoast SEO plugin. -->","yoast_head_json":{"title":"Willkommen - Das Bergler Schl\u00f6ssl","robots":{"index":"index","follow":"follow","max-snippet":"max-snippet:-1","max-image-preview":"max-image-preview:large","max-video-preview":"max-video-preview:-1"},"canonical":"https:\/\/bergler-schloessl.com\/","og_locale":"de_DE","og_type":"article","og_title":"Willkommen - Das Bergler Schl\u00f6ssl","og_description":"Liebe G\u00e4ste, situationsbedingt, und wegen Umstrukturierungen, bleibt das Bergler Schl\u00f6ssl bis Ende des Jahres geschlossen. DANKE, an alle die ihre Zeit bei uns verbracht haben! Wie hoffen Sie im neuen Jahr begr\u00fc\u00dfen zu d\u00fcrfen. Ver\u00e4nderungen sind mal geplant, oft aber pl\u00f6tzlich und unerwartet. Sie sind nie leicht, bietet aber wichtige Chancen. Ver\u00e4nderungen helfen dabei, den &hellip; Continue reading \"Willkommen\"","og_url":"https:\/\/bergler-schloessl.com\/","og_site_name":"Das Bergler Schl\u00f6ssl","article_modified_time":"2024-10-06T18:55:56+00:00","og_image":[{"width":2560,"height":1708,"url":"https:\/\/bergler-schloessl.com\/wp-content\/uploads\/2022\/10\/DSC05603-scaled.jpg","type":"image\/jpeg"}],"twitter_card":"summary_large_image","twitter_misc":{"Gesch\u00e4tzte Lesezeit":"1 Minute"},"schema":{"@context":"https:\/\/schema.org","@graph":[{"@type":"WebPage","@id":"https:\/\/bergler-schloessl.com\/","url":"https:\/\/bergler-schloessl.com\/","name":"Willkommen - Das Bergler Schl\u00f6ssl","isPartOf":{"@id":"https:\/\/bergler-schloessl.com\/#website"},"datePublished":"2022-08-20T14:21:48+00:00","dateModified":"2024-10-06T18:55:56+00:00","breadcrumb":{"@id":"https:\/\/bergler-schloessl.com\/#breadcrumb"},"inLanguage":"de-AT","potentialAction":[{"@type":"ReadAction","target":["https:\/\/bergler-schloessl.com\/"]}]},{"@type":"BreadcrumbList","@id":"https:\/\/bergler-schloessl.com\/#breadcrumb","itemListElement":[{"@type":"ListItem","position":1,"name":"Startseite","item":"https:\/\/bergler-schloessl.com\/"},{"@type":"ListItem","position":2,"name":"Willkommen"}]},{"@type":"WebSite","@id":"https:\/\/bergler-schloessl.com\/#website","url":"https:\/\/bergler-schloessl.com\/","name":"Das Bergler Schl\u00f6ssl","description":"Kulinarik inmitten von Weinbergen und direkt neben der Aussichtswarte ","publisher":{"@id":"https:\/\/bergler-schloessl.com\/#organization"},"potentialAction":[{"@type":"SearchAction","target":{"@type":"EntryPoint","urlTemplate":"https:\/\/bergler-schloessl.com\/?s={search_term_string}"},"query-input":"required name=search_term_string"}],"inLanguage":"de-AT"},{"@type":"Organization","@id":"https:\/\/bergler-schloessl.com\/#organization","name":"Das Bergler Schl\u00f6ssl","url":"https:\/\/bergler-schloessl.com\/","logo":{"@type":"ImageObject","inLanguage":"de-AT","@id":"https:\/\/bergler-schloessl.com\/#\/schema\/logo\/image\/","url":"http:\/\/bergler-schloessl.com\/wp-content\/uploads\/2022\/10\/cropped-Logo_BerglerSchloessl_schwarz.png","contentUrl":"http:\/\/bergler-schloessl.com\/wp-content\/uploads\/2022\/10\/cropped-Logo_BerglerSchloessl_schwarz.png","width":286,"height":250,"caption":"Das Bergler Schl\u00f6ssl"},"image":{"@id":"https:\/\/bergler-schloessl.com\/#\/schema\/logo\/image\/"},"sameAs":["https:\/\/www.instagram.com\/bergler_schloessl\/"]}]}},"_links":{"self":[{"href":"http:\/\/bergler-schloessl.com\/index.php?rest_route=\/wp\/v2\/pages\/35"}],"collection":[{"href":"http:\/\/bergler-schloessl.com\/index.php?rest_route=\/wp\/v2\/pages"}],"about":[{"href":"http:\/\/bergler-schloessl.com\/index.php?rest_route=\/wp\/v2\/types\/page"}],"author":[{"embeddable":true,"href":"http:\/\/bergler-schloessl.com\/index.php?rest_route=\/wp\/v2\/users\/1"}],"replies":[{"embeddable":true,"href":"http:\/\/bergler-schloessl.com\/index.php?rest_route=%2Fwp%2Fv2%2Fcomments&post=35"}],"version-history":[{"count":24,"href":"http:\/\/bergler-schloessl.com\/index.php?rest_route=\/wp\/v2\/pages\/35\/revisions"}],"predecessor-version":[{"id":432,"href":"http:\/\/bergler-schloessl.com\/index.php?rest_route=\/wp\/v2\/pages\/35\/revisions\/432"}],"wp:featuredmedia":[{"embeddable":true,"href":"http:\/\/bergler-schloessl.com\/index.php?rest_route=\/wp\/v2\/media\/82"}],"wp:attachment":[{"href":"http:\/\/bergler-schloessl.com\/index.php?rest_route=%2Fwp%2Fv2%2Fmedia&parent=35"}],"curies":[{"name":"wp","href":"https:\/\/api.w.org\/{rel}","templated":true}]}}